- 2*f - 2. Let h be a(-1). Suppose 0 = d - 4*d + 5*v + 22, 0 = 3*d + 5*v - h. What is the remainder when 41 is divided by d?
13
Let s(d) = -4*d**3 - 11*d**2 - 2*d + 13. Calculate the remainder when s(-5) is divided by 18.
14
Let b(n) = 2*n**3 - 5*n**2 - 2*n - 5. Suppose -m + 2 = -h, 0*m - 2*h = 2*m - 12. What is the remainder when b(m) is divided by 22?
13
Let m(c) = 2*c + 9. Let j be m(-6). Calculate the remainder when 23 is divided by 7 - 2*j/6*1.
7
What is the remainder when -10*(-265)/10*24/40 is divided by 8?
7
Suppose d = 4*d - 135. Let u(z) = 3*z**3 - 28*z**2 - 18*z - 4. What is the remainder when d is divided by u(10)?
13
Suppose 2*k - 7*j + 3*j = 0, -2*k + 2*j + 2 = 0. What is the remainder when 30 is divided by k?
0
What is the remainder when (87 - 12) + (6 - 0) is divided by 18?
9
Let z(v) = v**2 + 13*v - 52. Suppose -2*i + 1 = -2*d - 5, -5 = -5*d. Suppose -8 = -i*m + 32. Calculate the remainder when z(5) is divided by m.
8
Let m(z) = z**2 + 5*z - 36. Let d be m(-8). Calculate the remainder when (d/(-9) - 8/(-12))*16 is divided by 12.
8
Suppose 4*r = -3*c + 55, 0 = r + 3*c - 5*c - 11. Let b = 163 - 106. Let j = b - 23. Calculate the remainder when j is divided by r.
8
Suppose 0*u - 3*u + 2*o = -241, -u + 85 = -3*o. Calculate the remainder when 387 is divided by u.
71
Suppose 41*f = 38*f + 81. What is the remainder when 71 is divided by f?
17
Let m(c) = 2*c**2 + 5*c - 4. Let s be m(-4). Let o = -4 + s. Suppose 0 = 3*z - o*a - 33, -4*a = -2 - 10. Calculate the remainder when 41 is divided by z.
11
Suppose -8 = 4*d - 6*d. Suppose 0 = 2*i + d*a - 192, i - 126 = -3*a + 7*a. What is the remainder when i is divided by 37?
32
Let q(w) = w**2 - 12. Let i be q(-3). Calculate the remainder when 6 + i - -118 - (3 + -2) is divided by 41.
38
Let b(k) = -12*k**3 - k. Suppose 0 = f - 2*f - 2*a + 32, 70 = 2*f + 2*a. What is the remainder when f is divided by b(-1)?
12
Let m(i) = -i**3 - 9*i**2 - 13*i - 17. Suppose -6*g - 15 = -7*g. What is the remainder when m(-8) is divided by g?
8
Let f be (-12)/42 - (-7020)/21. Let r be ((-6)/4)/((-57)/190). Suppose -r*n - h + f = 0, 2*n = -0*n + h + 128. What is the remainder when n is divided by 17?
15
Let j(x) = 0*x + 16 - 3 + x**3 - 13*x**2 + x + 3*x. Calculate the remainder when j(13) is divided by 23.
19
Let a = -62 + 77. Calculate the remainder when -3 + (0 - (-176)/4) is divided by a.
11
Let d = 46 + -34. Suppose -10*b - 8 = -d*b. What is the remainder when 18 is divided by b?
2
Let p = 20 - -3. Let g be 12/8*(1 + 103). Let c = g - 67. What is the remainder when c is divided by p?
20
Let s = -912 + 967. Calculate the remainder when 109 is divided by s.
54
Let l(b) = b**3 - 6*b**2 - 2*b - 8. Let n be l(6). Let v = 33 + n. What is the remainder when 19 is divided by v?
6
Suppose -2*c = m - 1350, 3*m - 5221 = -5*c - 1848. What is the remainder when c is divided by 10?
7
What is the remainder when 137 + -1 + -35 + 38 is divided by 28?
27
Suppose -6 = -6*g + 4*g. Suppose 2*j - x - 22 = -g*x, -5*x = -4*j + 89. Let z = -24 + 87. Calculate the remainder when z is divided by j.
15
Suppose -3*q + 15 = 0, 3*l - q + 7 = 4*q. Suppose g = -l*g + 462. Calculate the remainder when g is divided by 23.
20
Suppose 3*m - 6 = -24. Let d(f) = -f**3 - 4*f**2 - 4*f + 19. Calculate the remainder when d(m) is divided by 29.
28
Suppose 4*l - 65 = -l. Let f = 27 + -24. Suppose 0 = f*y + 17 - 26. What is the remainder when l is divided by y?
1
Let d be (1 + -3)*(-1 + -1). Let o(l) = -5*l**2 + 6*l - 1. Let k be o(d). Let s = k - -85. Calculate the remainder when s is divided by 15.
13
Suppose 0 = 3*y + 4*y - 70. Suppose -5*d + 885 = -y*d. Let h = -120 - d. What is the remainder when h is divided by 15?
12
Suppose -2*o - 94 = 182*k - 183*k, 4*k = 4*o + 368. Calculate the remainder when 537 is divided by k.
87
Suppose 1837*o - 100 = 1835*o. Calculate the remainder when 1046 is divided by o.
46
Let y(k) = k**3 - 6*k**2 - 10*k + 10. Let a be y(8). Suppose a*b = 60*b - 32. Calculate the remainder when 30 is divided by b.
14
Let x = -29 + 34. Suppose -4*d + 5*p = -15, -x*d - p + 27 = p. Suppose -6*k + d*k = -15. Calculate the remainder when 58 is divided by k.
13
Calculate the remainder when (-9)/(-5 - -2)*(-61)/(-3) is divided by 11.
6
Suppose 100 + 76 = 16*u. Calculate the remainder when u is divided by 7.
4
Let r = -4 + 6. Suppose -5*k + 84 = -r*k. Let x = -25 - -135. What is the remainder when x is divided by k?
26
Suppose -6*y = -3*y - 63. Suppose 20*d - 22*d + m + 148 = 0, 3*m = -4*d + 266. What is the remainder when d is divided by y - ((-4)/(-1) + -2)?
14
Suppose 4*y + 4 = 4*a, 0*y - 3*a + 3 = -2*y. Suppose y = -5*p + 30 + 55. Calculate the remainder when 2/(-7) + 233/7 is divided by p.
16
Suppose 0 = -4*z - 0*z + 64. Suppose 75 = 4*q + 3*y + 21, 0 = q + 2*y - z. Calculate the remainder when 32 is divided by q.
8
What is the remainder when 3/24*-214*-4 is divided by 28?
23
Calculate the remainder when (-129 + 76)/(2*1/(-22)) is divided by 5.
3
Let c be (6 - 3)*(-2)/(-3). Suppose c*l = l + 7. Calculate the remainder when 11 is divided by l.
4
What is the remainder when 3*(-49 + -18)/(3*-1) is divided by 14?
11
Suppose 0 = -4*m + 2208 - 488. Suppose -182 = 3*d + m. What is the remainder when (-1)/(-3) - d/9 is divided by 12?
11
Suppose -8*j + 504 + 152 = 0. Suppose -2*h - 46 = -4*h. Calculate the remainder when j is divided by h.
13
Let g(n) = -53*n - 772. What is the remainder when 282 is divided by g(-15)?
6
Let n(y) = -11*y + 3. Let r be n(-1). Suppose 0 = -f + 25 - r. What is the remainder when 65 is divided by f?
10
Let c be (8/(-10))/((-16)/40). Suppose -u = -c*u + 10. What is the remainder when 18 is divided by u?
8
Let d(k) = -20*k - 156. Let p(x) = x**3 - 6*x**2 - 5*x - 4. Let y be p(7). Suppose -u + 2*u - y = 0. Calculate the remainder when u is divided by d(-8).
2
Suppose 0 = 5*l + 80 + 135. Suppose -3*x = 3*i - 189, 2*i = 3*i + 3*x - 67. Let q = l + i. What is the remainder when 52 is divided by q?
16
Suppose 2 = 2*h + 5*v - 15, 0 = h + 5*v - 11. Let k(j) = -6 - h*j - 8 + 4. What is the remainder when k(-5) is divided by 7?
6
Let l(o) = -o**2 + 26*o. Suppose 5*z = 4*q - 125, -2*q + 0*q = 2*z - 40. Calculate the remainder when 224 is divided by l(q).
24
Let j(n) = -n**3 + 7*n**2 + 10*n. Let r be 12 + (-2*6)/3. Let k be j(r). Calculate the remainder when 59 is divided by k - (-4)/((-12)/3).
14
Let y(t) = 2*t + 32. Let r be y(-14). Suppose 2*a + r*s - 32 = -12, 0 = -2*a - s + 20. Calculate the remainder when 26 is divided by a.
6
Let w be (-23)/(-7) - (-17)/((-833)/14). Suppose -2*y = -w*y + 9. Calculate the remainder when 14 is divided by y.
5
Suppose 0 = -0*v + v - 5*p - 68, -4*p - 12 = 0. What is the remainder when 86 is divided by v?
33
Let q = -29 - -47. Calculate the remainder when 86 is divided by q.
14
Let x = -2753 - -2812. What is the remainder when 69 is divided by x?
10
Let l(b) = -b**3 - 2*b**2 + 3*b + 3. Let x be l(-3). Let i = 16 + x. What is the remainder when i is divided by 10?
9
Let r(g) = -2*g + 5 + g**2 + 4 + 1 + 0*g**2. Calculate the remainder when r(9) is divided by 15.
13
Let l(w) = 5*w**2 - 6*w - 4. Let d be (-1077)/(-9) - 2/(-6). Let j be (-23)/(-8) + 15/d. What is the remainder when 68 is divided by l(j)?
22
Suppose -2*f - 17 + 259 = -2*p, -4*f + 2*p = -492. Suppose -27 = 7*g - f. Calculate the remainder when 124 is divided by g.
12
Suppose 0 = 38*t + 23 - 631. What is the remainder when 43 is divided by t?
11
Let b = -13 + 18. What is the remainder when 6*230/207*(2 - -1) is divided by b?
0
Let u(b) = 31*b**3 - b. What is the remainder when 177 is divided by u(1)?
27
Suppose 2*z - 2114 = -302. Let y be z/26 - (-6)/39. Suppose -i + 3*q + y = -11, -4*q = 16. Calculate the remainder when i is divided by 10.
4
Let p(g) = -g**2 - 17*g + 332. What is the remainder when p(-24) is divided by 12?
8
Suppose 5*b + 45 = 2*u - 44, b = -4*u + 123. Suppose -3*d - 6*n + u = -4*n, -3*d = -2*n - 52. Calculate the remainder when 67 is divided by d.
11
Suppose 32*x - 33*x + 2 = 0. Suppose -5*n + x*k + 696 = 0, -2*k - 298 = -4*n + 260. Calculate the remainder when n is divided by 28.
26
Let j = 22 + 32. Calculate the remainder when 301 is divided by j.
31
Suppose 3*r + 587 = 5*w, -4*w - 5*r + 11 + 429 = 0. Let h =